 factor of 9 and 55791.
9
What is the greatest common divisor of 1041 and 166213?
347
What is the highest common divisor of 58507 and 82?
41
What is the greatest common divisor of 266 and 4184446?
266
Calculate the highest common divisor of 560 and 25136.
16
Calculate the highest common divisor of 745651 and 7063.
1009
What is the greatest common divisor of 5750 and 75325?
575
Calculate the greatest common divisor of 370 and 34720.
10
What is the highest common factor of 974405 and 2120?
265
What is the greatest common factor of 1980 and 74745?
495
Calculate the greatest common factor of 1012 and 369242.
46
What is the greatest common factor of 23585 and 1780?
445
What is the greatest common factor of 1225 and 95900?
175
Calculate the highest common factor of 16 and 6236.
4
What is the highest common factor of 618995 and 1246?
89
Calculate the highest common factor of 114291 and 664.
83
What is the greatest common divisor of 9321 and 17925?
717
Calculate the greatest common divisor of 14 and 22514.
2
What is the highest common divisor of 90354 and 132?
66
What is the highest common divisor of 3304 and 101952?
472
Calculate the greatest common factor of 258 and 582.
6
Calculate the highest common divisor of 1266 and 834927.
633
Calculate the greatest common divisor of 24 and 208968.
24
What is the highest common factor of 258 and 1339794?
258
Calculate the greatest common factor of 91471 and 123.
41
What is the greatest common factor of 66 and 82742?
22
Calculate the greatest common factor of 24 and 55.
1
Calculate the highest common factor of 75 and 20225.
25
What is the greatest common divisor of 1326 and 2301?
39
Calculate the highest common divisor of 85273 and 538.
269
What is the highest common divisor of 406439 and 121?
121
What is the greatest common divisor of 420 and 26595?
15
Calculate the highest common factor of 99818 and 58.
58
What is the greatest common factor of 1415 and 4528?
283
What is the highest common factor of 1852 and 8128?
4
Calculate the highest common factor of 135 and 47871.
27
Calculate the greatest common divisor of 4420 and 1040.
260
What is the greatest common factor of 2271851 and 41?
41
What is the highest common factor of 180 and 87180?
60
What is the greatest common divisor of 1104 and 4824?
24
Calculate the highest common factor of 7940 and 1440316.
1588
What is the greatest common divisor of 81699 and 1017?
339
Calculate the greatest common divisor of 26060 and 80.
20
Calculate the highest common divisor of 416 and 111696.
208
What is the greatest common factor of 117439 and 532?
133
What is the highest common factor of 1340 and 8375?
335
What is the highest common divisor of 3 and 81231?
3
What is the highest common divisor of 19654 and 1585?
317
What is the highest common divisor of 14017 and 428?
107
What is the highest common factor of 1027428 and 96?
12
What is the greatest common factor of 376 and 2046427?
47
What is the greatest common divisor of 13 and 49?
1
Calculate the highest common factor of 297 and 32238.
27
What is the highest common divisor of 2107 and 178407?
43
What is the highest common factor of 15158 and 2288?
286
What is the greatest common divisor of 5568700 and 1864?
932
What is the highest common factor of 351 and 9984?
39
What is the greatest common factor of 213178 and 70?
14
What is the highest common factor of 945 and 33885?
135
What is the greatest common factor of 9 and 511884?
9
Calculate the highest common factor of 4228 and 2044.
28
Calculate the greatest common divisor of 1416 and 81192.
24
What is the highest common divisor of 3408 and 2173168?
1136
What is the greatest common divisor of 128 and 862336?
128
What is the greatest common divisor of 381 and 310007?
127
Calculate the highest common factor of 872068 and 276.
92
What is the greatest common factor of 101370 and 872?
218
Calculate the highest common factor of 39 and 1236.
3
Calculate the greatest common factor of 9269 and 462241.
403
What is the greatest common divisor of 801477 and 45?
9
Calculate the highest common factor of 2235 and 6.
3
Calculate the highest common factor of 323 and 303722.
17
What is the greatest common divisor of 67 and 2179711?
67
Calculate the greatest common factor of 180 and 585180.
180
What is the greatest common factor of 1360 and 2295?
85
What is the highest common divisor of 332 and 34030?
166
What is the greatest common divisor of 625 and 6830?
5
What is the greatest common divisor of 194962 and 86?
86
What is the highest common divisor of 1326 and 138346?
442
Calculate the highest common factor of 896 and 5056.
64
What is the highest common divisor of 6220035 and 15?
15
Calculate the greatest common factor of 395239 and 26.
13
What is the greatest common divisor of 108 and 86940?
108
Calculate the greatest common factor of 274968 and 684.
684
Calculate the greatest common divisor of 875 and 3980.
5
What is the highest common divisor of 122612 and 58?
58
Calculate the greatest common factor of 17322 and 228.
6
What is the highest common divisor of 139668 and 132252?
1236
Calculate the highest common factor of 7 and 183869.
7
What is the highest common divisor of 56 and 1052072?
56
What is the highest common divisor of 13897 and 5161?
13
Calculate the greatest common divisor of 346 and 48094.
346
What is the highest common factor of 60 and 3506610?
30
What is the highest common factor of 3025 and 58685?
605
Calculate the highest common divisor of 1131 and 256737.
1131
What is the greatest common factor of 2673 and 4103?
11
Calculate the greatest common factor of 50772 and 12.
12
Calculate the greatest common factor of 427680 and 432.
432
Calculate the greatest common divisor of 114554 and 176.
22
What is the highest common factor of 122326 and 310?
62
Calculate the highest common factor of 3836 and 320580.
548
What is the highest common divisor of 2385 and 7685?
265
What is the highest common factor of 36927 and 891?
99
Calculate the greatest common factor of 36478 and 40066.
598
What is the greatest common divisor of 126 and 58576?
14
Calculate the greatest common factor of 6204 and 924.
132
Calculate the greatest common divisor of 1870 and 1847934.
374
What is the greatest common factor of 78085 and 920?
115
What is the highest common factor of 805101 and 11?
11
Calculate the highest common divisor of 487738 and 11525.
461
Calculate the greatest common divisor of 5517 and 194321.
613
Calculate the greatest common factor of 506798 and 142.
142
What is the greatest common divisor of 407 and 466570?
37
What is the greatest common factor of 64 and 4236?
4
Calculate the greatest common divisor of 68 and 36737.
17
Calculate the highest common divisor of 92 and 150650.
46
What is the highest common factor of 441 and 24318?
63
What is the greatest common factor of 2 and 386?
2
What is the highest common factor of 42245 and 425?
85
Calculate the greatest common factor of 2695270 and 10.
10
What is the highest common divisor of 358797 and 597?
597
Calculate the highest common divisor of 7155 and 1140.
15
Calculate the highest common divisor of 10521 and 56.
7
What is the greatest common factor of 673744 and 32?
16
What is the greatest common factor of 260 and 127036?
52
Calculate the highest common factor of 20 and 384.
4
What is the highest common factor of 32242 and 90804?
658
Calculate the highest common divisor of 4521 and 12741.
411
What is the greatest common factor of 385240 and 40?
40
Calculate the greatest common factor of 425664 and 8129.
739
Calculate the greatest common factor of 1396 and 3251982.
698
Calculate the greatest common divisor of 780 and 706.
2
What is the highest common factor of 3016 and 30472?
104
Calculate the greatest common factor of 26390 and 494.
26
Calculate the highest common divisor of 2385 and 14575.
265
What is the greatest common divisor of 1136 and 34048?
16
What is the greatest common factor of 105 and 994560?
105
What is the highest common factor of 80476 and 59?
59
Calculate the highest common divisor of 37 and 3308.
1
Calculate the greatest common factor of 41652 and 780.
156
Calculate the highest common divisor of 420983 and 19.
19
Calculate the highest common factor of 12187 and 70.
7
Calculate the greatest common factor of 59019 and 5157.
5